n base 2, what is 100010111110000010110010 - 10?
100010111110000010110000
In base 5, what is -10401322 - -200?
-10401122
In base 16, what is 12ef - 24c70?
-23981
In base 14, what is -165 - 61a5a7?
-61a72c
In base 2, what is -10 + -11010011101011111000101?
-11010011101011111000111
In base 16, what is -60 + -3f623?
-3f683
In base 16, what is 6e80 - 451?
6a2f
In base 11, what is 564a64 - -1?
564a65
In base 12, what is 54 - 6392336?
-63922a2
In base 10, what is 18525 + 2012?
20537
In base 7, what is 65 - 533134?
-533036
In base 12, what is -16b6 + -1651?
-3147
In base 10, what is -7 - -59891?
59884
In base 5, what is -1 + 4430304421?
4430304420
In base 6, what is -21 - -4324424?
4324403
In base 5, what is 3 + 422220212223?
422220212231
In base 7, what is 14 + -51051142?
-51051125
In base 10, what is -602466129 - 5?
-602466134
In base 3, what is 220 + 2220021112222?
2220021120212
In base 16, what is d + 6133?
6140
In base 8, what is -3604517 + 33?
-3604464
In base 11, what is -2 + -80595362?
-80595364
In base 8, what is 15 + -4517272?
-4517255
In base 10, what is 0 + 191431315?
191431315
In base 9, what is -5 + -114360060?
-114360065
In base 9, what is -14102343 + -25?
-14102368
In base 14, what is 13339a + 3?
13339d
In base 12, what is -26 - 3b4422?
-3b4448
In base 5, what is 111 - -13202111?
13202222
In base 11, what is -4051 + -9a23?
-12a74
In base 5, what is -10424 + 24043332?
24032403
In base 9, what is -25120788 + 7?
-25120781
In base 13, what is -1b05a - -1b35?
-19225
In base 5, what is -43034422 + 2034?
-43032333
In base 7, what is 161 + 4310601?
4311062
In base 3, what is 101112022121 - 1111?
101112021010
In base 5, what is 14010 - -21113144?
21132204
In base 15, what is 2d36 + 137?
2e6d
In base 15, what is -2592d6 - 3?
-2592d9
In base 7, what is -2222665623 - -4?
-2222665616
In base 13, what is -272 + 36b59?
368b7
In base 15, what is 4dbd37 - 3?
4dbd34
In base 14, what is 49 + 40aa?
4115
In base 11, what is -1 + -48aaa3?
-48aaa4
In base 9, what is 0 + 4046824?
4046824
In base 7, what is 5453024 + 1523?
5454550
In base 10, what is -1022 - 4020?
-5042
In base 10, what is -4333 - 4433?
-8766
In base 4, what is 10 + 2122321303331?
2122321310001
In base 7, what is -4 + 24362526?
24362522
In base 7, what is 563134245 + 35?
563134313
In base 8, what is -12170 + 1344?
-10624
In base 14, what is -a13977 - -1?
-a13976
In base 16, what is -542b0f8 + -1?
-542b0f9
In base 3, what is 1220220 - -12212021?
21210011
In base 2, what is 100010000010000000 + 100?
100010000010000100
In base 9, what is -2386771 + -25?
-2386806
In base 16, what is 93 - 39e?
-30b
In base 11, what is 2 - -11425877?
11425879
In base 4, what is 133223 - -100101312?
100301201
In base 12, what is 6b297 + 2a1?
6b578
In base 12, what is 751 - b?
742
In base 5, what is -2 - -1440044433?
1440044431
In base 5, what is 112143102 + -220?
112142332
In base 6, what is 41113451 + -5?
41113442
In base 11, what is -241239 - 11?
-24124a
In base 4, what is -1031031 - -1031003?
-22
In base 10, what is 2230724 - 0?
2230724
In base 12, what is -15ab7a5 - -18?
-15ab789
In base 7, what is 4 - 13011505?
-13011501
In base 6, what is -505200220 + -5?
-505200225
In base 8, what is -225103165 - 6?
-225103173
In base 3, what is -2022011110112 + 2?
-2022011110110
In base 10, what is -13692 + -5567?
-19259
In base 10, what is 5238977 + -4?
5238973
In base 2, what is 1100010110001011 - -10000111?
1100011000010010
In base 6, what is 2223 - -21323250?
21325513
In base 5, what is -3 - -22143100020?
22143100012
In base 11, what is 3 - -1108205?
1108208
In base 5, what is 3 - 113202303?
-113202300
In base 6, what is 1341 + -13311?
-11530
In base 2, what is -1111101011011 + 101101000101?
-1010000010110
In base 5, what is 13120434134 - -32?
13120434221
In base 9, what is -34 + 22624313?
22624268
In base 12, what is 694 - 1439?
-965
In base 10, what is 10 - -774897?
774907
In base 2, what is 1011100111110110110011 - 11001001?
1011100111110011101010
In base 7, what is 505245253 - 0?
505245253
In base 4, what is -2231103300322 - 1?
-2231103300323
In base 7, what is 5 + -46166615?
-46166610
In base 7, what is -3 - 162213665?
-162214001
In base 8, what is -341651 - -3033?
-336616
In base 8, what is -132042 - -44031?
-66011
In base 16, what is eb - 1a4da?
-1a3ef
In base 14, what is 34 - -36980a?
369840
In base 3, what is 2020021002201200 - 12?
2020021002201111
In base 9, what is 54 + 206835?
207000
In base 13, what is -253153a - -2?
-2531538
In base 6, what is 4 - 5523421?
-5523413
In base 2, what is -10 + -110100011011111101001110?
-110100011011111101010000
In base 16, what is -1 + a83d02?
a83d01
In base 4, what is -321022020 + -102?
-321022122
In base 15, what is 152 - -472a8?
4740a
In base 5, what is 2113001 - -1041232?
3204233
In base 2, what is 110111101111000 - -10010?
110111110001010
In base 3, what is -12 - 2111110022011202?
-2111110022011221
In base 5, what is -1201414343030 - -2?
-1201414343023
In base 3, what is -10121002 - 22202221?
-110101000
In base 8, what is 5 - 24265702?
-24265675
In base 14, what is -3a39b - 22?
-3a3bd
In base 10, what is 7709 + 1760?
9469
In base 13, what is -4b0a0158 - -2?
-4b0a0156
In base 2, what is 110010111 - 1001010111111101?
-1001010001100110
In base 12, what is -b - 18563b6?
-1856405
In base 6, what is 2 - 4302233441?
-4302233435
In base 8, what is 74 - -220362?
220456
In base 11, what is -4 - -75864168?
75864164
In base 10, what is 53763344 + 3?
53763347
In base 9, what is -8830 + -138205?
-148135
In base 7, what is 43 + 16664114?
16664160
In base 15, what is -6 + 84e9e5?
84e9de
In base 3, what is -2200100 + -12200222110?
-12210122210
In base 12, what is -8 - 1931143?
-193114b
In base 4, what is 121301002030 - -11?
121301002101
In base 15, what is 1b6 + -512c?
-4e66
In base 4, what is -311 + -10220121032?
-10220122003
In base 4, what is -2 + 3132232331?
3132232323
In base 3, what is -101210120012102220 - 102?
-101210120012110022
In base 13, what is -b0 - -150599a?
15058ba
In base 16, what is -8ab6 - 129?
-8bdf
In base 5, what is -12 + -202232344?
-202232411
In base 3, what is -1010020 - -101111210?
100101120
In base 6, what is 22142541 - -1045?
22144030
In base 13, what is 710463 - 24?
71043c
In base 3, what is 20200211 - -111221112?
202122100
In base 2, what is -101111110001011010011 - 1000?
-101111110001011011011
In base 3, what is -1010220010 + 1101212?
-1002111021
In base 15, what is -8911 - 5c?
-896d
In base 9, what is -280 + 27202?
26812
In base 3, what is -1 - -2200110100111220?
2200110100111212
In base 9, what is 16 - -174606303?
174606320
In base 2, what is 11101101000111101 - -100010111111?
11110001011111100
In base 4, what is -22020321323 - -11?
-22020321312
In base 12, what is 1ba + 7b13?
8111
In base 2, what is -1111101000011100111100101100 + 0?
-1111101000011100111100101100
In base 5, what is -1044231122 + 2?
-1044231120
In base 8, what is 2670 + 13434?
16324
In base 13, what is b8b73b + a?
b8b748
In base 10, what is 2 + 69579715?
69579717
In base 2, what is -11001101100 - 1101110100111?
-10001000010011
In base 7, what is 1255260 + 42?
1255332
In base 3, what is -1222020202112211021 - 12?
-1222020202112211110
In base 14, what is -19417 - 34?
-1944b
In base 8, what is 360 - 3663230?
-3662650
In base 11, what is 33a85872 - -a?
33a85881
In base 14, what is -1 + b18432?
b18431
In base 8, what is -112 - -13664302?
13664170
In base 5, what is 143 + 23330?
24023
In base 16, what is -cab79e + -16?
-cab7b4
In base 15, what is 169 + -c6e87?
-c6d1d
In base 15, what is 1ad - 571d48?
-571b8a
In base 14, what is -3bbcc - 367?
-3c155
In base 12, what is 893687 + 5?
893690
In base 7, what is 26206 - -21160?
50366
In base 5, what is 1311301 - 412343?
343403
In base 7, what is 10532 + 304613?
315445
In base 13, what is -16cb58 + -2?
-16cb5a
In base 16, what is 81 - 4a8f3?
-4a872
In base 10, what is 3 - -3883691?
3883694
In base 8, what is -41377512 + -14?
-41377526
In base 13, what is 5c - -40241?
402a0
In base 5, what is -1232 + -211012?
-212244
In base 5, what is 14 - 1133442243?
-1133442224
In base 14, what is -5 - 5a16a5b?
-5a16a62
In base 5, what is -220300122 + -444?
-220301121
In base 4, what is 110112032 + 11320?
110130012
In base 7, what is 333602 + -26133?
304436
In ba